{"id":714,"date":"2021-11-10T12:03:55","date_gmt":"2021-11-10T09:03:55","guid":{"rendered":"https:\/\/cimpro.com.tr\/?page_id=714"},"modified":"2021-11-23T14:38:57","modified_gmt":"2021-11-23T11:38:57","slug":"kesek-kirici","status":"publish","type":"page","link":"https:\/\/cimpro.com.tr\/?page_id=714","title":{"rendered":"Kesek K\u0131r\u0131c\u0131"},"content":{"rendered":"<div id='gallery-1' class='gallery galleryid-714 gallery-columns-3 gallery-size-medium'><dl class='gallery-item'>\n\t\t\t<dt class='gallery-icon landscape'>\n\t\t\t\t<a href='https:\/\/cimpro.com.tr\/wp-content\/uploads\/2021\/11\/C\u0130MPRO-G\u0130YOT\u0130N-KLAPE-VE-KESEK-KIRICI.png'><img loading=\"lazy\" decoding=\"async\" width=\"300\" height=\"190\" src=\"https:\/\/cimpro.com.tr\/wp-content\/uploads\/2021\/11\/C\u0130MPRO-G\u0130YOT\u0130N-KLAPE-VE-KESEK-KIRICI-300x190.png\" class=\"attachment-medium size-medium\" alt=\"\" srcset=\"https:\/\/cimpro.com.tr\/wp-content\/uploads\/2021\/11\/C\u0130MPRO-G\u0130YOT\u0130N-KLAPE-VE-KESEK-KIRICI-300x190.png 300w, https:\/\/cimpro.com.tr\/wp-content\/uploads\/2021\/11\/C\u0130MPRO-G\u0130YOT\u0130N-KLAPE-VE-KESEK-KIRICI-768x486.png 768w, https:\/\/cimpro.com.tr\/wp-content\/uploads\/2021\/11\/C\u0130MPRO-G\u0130YOT\u0130N-KLAPE-VE-KESEK-KIRICI-1024x648.png 1024w\" sizes=\"(max-width: 300px) 100vw, 300px\" \/><\/a>\n\t\t\t<\/dt><\/dl><dl class='gallery-item'>\n\t\t\t<dt class='gallery-icon landscape'>\n\t\t\t\t<a href='https:\/\/cimpro.com.tr\/wp-content\/uploads\/2021\/11\/C\u0130MPRO-G\u0130YOT\u0130N-KLAPE-VE-KESEK-KIRICI-1.png'><img loading=\"lazy\" decoding=\"async\" width=\"300\" height=\"220\" src=\"https:\/\/cimpro.com.tr\/wp-content\/uploads\/2021\/11\/C\u0130MPRO-G\u0130YOT\u0130N-KLAPE-VE-KESEK-KIRICI-1-300x220.png\" class=\"attachment-medium size-medium\" alt=\"\" srcset=\"https:\/\/cimpro.com.tr\/wp-content\/uploads\/2021\/11\/C\u0130MPRO-G\u0130YOT\u0130N-KLAPE-VE-KESEK-KIRICI-1-300x220.png 300w, https:\/\/cimpro.com.tr\/wp-content\/uploads\/2021\/11\/C\u0130MPRO-G\u0130YOT\u0130N-KLAPE-VE-KESEK-KIRICI-1-768x564.png 768w, https:\/\/cimpro.com.tr\/wp-content\/uploads\/2021\/11\/C\u0130MPRO-G\u0130YOT\u0130N-KLAPE-VE-KESEK-KIRICI-1-1024x753.png 1024w, https:\/\/cimpro.com.tr\/wp-content\/uploads\/2021\/11\/C\u0130MPRO-G\u0130YOT\u0130N-KLAPE-VE-KESEK-KIRICI-1.png 1920w\" sizes=\"(max-width: 300px) 100vw, 300px\" \/><\/a>\n\t\t\t<\/dt><\/dl><dl class='gallery-item'>\n\t\t\t<dt class='gallery-icon landscape'>\n\t\t\t\t<a href='https:\/\/cimpro.com.tr\/wp-content\/uploads\/2021\/11\/C\u0130MPRO-G\u0130YOT\u0130N-KLAPE-VE-KESEK-KIRICI-2-1.png'><img loading=\"lazy\" decoding=\"async\" width=\"300\" height=\"220\" src=\"https:\/\/cimpro.com.tr\/wp-content\/uploads\/2021\/11\/C\u0130MPRO-G\u0130YOT\u0130N-KLAPE-VE-KESEK-KIRICI-2-1-300x220.png\" class=\"attachment-medium size-medium\" alt=\"\" srcset=\"https:\/\/cimpro.com.tr\/wp-content\/uploads\/2021\/11\/C\u0130MPRO-G\u0130YOT\u0130N-KLAPE-VE-KESEK-KIRICI-2-1-300x220.png 300w, https:\/\/cimpro.com.tr\/wp-content\/uploads\/2021\/11\/C\u0130MPRO-G\u0130YOT\u0130N-KLAPE-VE-KESEK-KIRICI-2-1-768x563.png 768w, https:\/\/cimpro.com.tr\/wp-content\/uploads\/2021\/11\/C\u0130MPRO-G\u0130YOT\u0130N-KLAPE-VE-KESEK-KIRICI-2-1-1024x751.png 1024w, https:\/\/cimpro.com.tr\/wp-content\/uploads\/2021\/11\/C\u0130MPRO-G\u0130YOT\u0130N-KLAPE-VE-KESEK-KIRICI-2-1.png 1920w\" sizes=\"(max-width: 300px) 100vw, 300px\" \/><\/a>\n\t\t\t<\/dt><\/dl><br style=\"clear: both\" \/>\n\t\t<\/div>\n\n","protected":false},"excerpt":{"rendered":"","protected":false},"author":1,"featured_media":0,"parent":75,"menu_order":0,"comment_status":"closed","ping_status":"closed","template":"","meta":{"footnotes":""},"aioseo_notices":[],"_links":{"self":[{"href":"https:\/\/cimpro.com.tr\/index.php?rest_route=\/wp\/v2\/pages\/714"}],"collection":[{"href":"https:\/\/cimpro.com.tr\/index.php?rest_route=\/wp\/v2\/pages"}],"about":[{"href":"https:\/\/cimpro.com.tr\/index.php?rest_route=\/wp\/v2\/types\/page"}],"author":[{"embeddable":true,"href":"https:\/\/cimpro.com.tr\/index.php?rest_route=\/wp\/v2\/users\/1"}],"replies":[{"embeddable":true,"href":"https:\/\/cimpro.com.tr\/index.php?rest_route=%2Fwp%2Fv2%2Fcomments&post=714"}],"version-history":[{"count":8,"href":"https:\/\/cimpro.com.tr\/index.php?rest_route=\/wp\/v2\/pages\/714\/revisions"}],"predecessor-version":[{"id":734,"href":"https:\/\/cimpro.com.tr\/index.php?rest_route=\/wp\/v2\/pages\/714\/revisions\/734"}],"up":[{"embeddable":true,"href":"https:\/\/cimpro.com.tr\/index.php?rest_route=\/wp\/v2\/pages\/75"}],"wp:attachment":[{"href":"https:\/\/cimpro.com.tr\/index.php?rest_route=%2Fwp%2Fv2%2Fmedia&parent=714"}],"curies":[{"name":"wp","href":"https:\/\/api.w.org\/{rel}","templated":true}]}}