{"id":171,"date":"2018-05-30T08:12:16","date_gmt":"2018-05-30T05:12:16","guid":{"rendered":"http:\/\/cimpro.com.tr\/?page_id=171"},"modified":"2019-11-20T08:31:19","modified_gmt":"2019-11-20T05:31:19","slug":"havali-bant","status":"publish","type":"page","link":"https:\/\/cimpro.com.tr\/?page_id=171","title":{"rendered":"Haval\u0131 Bant"},"content":{"rendered":"<div id='gallery-1' class='gallery galleryid-171 gallery-columns-3 gallery-size-medium'><dl class='gallery-item'>\n\t\t\t<dt class='gallery-icon portrait'>\n\t\t\t\t<a href='https:\/\/cimpro.com.tr\/wp-content\/uploads\/2018\/07\/Haval\u0131-Bant-2.jpg'><img loading=\"lazy\" decoding=\"async\" width=\"200\" height=\"300\" src=\"https:\/\/cimpro.com.tr\/wp-content\/uploads\/2018\/07\/Haval\u0131-Bant-2-200x300.jpg\" class=\"attachment-medium size-medium\" alt=\"\" srcset=\"https:\/\/cimpro.com.tr\/wp-content\/uploads\/2018\/07\/Haval\u0131-Bant-2-200x300.jpg 200w, https:\/\/cimpro.com.tr\/wp-content\/uploads\/2018\/07\/Haval\u0131-Bant-2-768x1152.jpg 768w, https:\/\/cimpro.com.tr\/wp-content\/uploads\/2018\/07\/Haval\u0131-Bant-2-683x1024.jpg 683w, https:\/\/cimpro.com.tr\/wp-content\/uploads\/2018\/07\/Haval\u0131-Bant-2.jpg 1320w\" sizes=\"(max-width: 200px) 100vw, 200px\" \/><\/a>\n\t\t\t<\/dt><\/dl><dl class='gallery-item'>\n\t\t\t<dt class='gallery-icon landscape'>\n\t\t\t\t<a href='https:\/\/cimpro.com.tr\/wp-content\/uploads\/2018\/07\/Haval\u0131-Bantlar-3.jpg'><img loading=\"lazy\" decoding=\"async\" width=\"300\" height=\"200\" src=\"https:\/\/cimpro.com.tr\/wp-content\/uploads\/2018\/07\/Haval\u0131-Bantlar-3-300x200.jpg\" class=\"attachment-medium size-medium\" alt=\"\" srcset=\"https:\/\/cimpro.com.tr\/wp-content\/uploads\/2018\/07\/Haval\u0131-Bantlar-3-300x200.jpg 300w, https:\/\/cimpro.com.tr\/wp-content\/uploads\/2018\/07\/Haval\u0131-Bantlar-3-768x512.jpg 768w, https:\/\/cimpro.com.tr\/wp-content\/uploads\/2018\/07\/Haval\u0131-Bantlar-3-1024x683.jpg 1024w, https:\/\/cimpro.com.tr\/wp-content\/uploads\/2018\/07\/Haval\u0131-Bantlar-3.jpg 1980w\" sizes=\"(max-width: 300px) 100vw, 300px\" \/><\/a>\n\t\t\t<\/dt><\/dl><dl class='gallery-item'>\n\t\t\t<dt class='gallery-icon landscape'>\n\t\t\t\t<a href='https:\/\/cimpro.com.tr\/wp-content\/uploads\/2018\/07\/Haval\u0131-Bantlar.jpg'><img loading=\"lazy\" decoding=\"async\" width=\"300\" height=\"225\" src=\"https:\/\/cimpro.com.tr\/wp-content\/uploads\/2018\/07\/Haval\u0131-Bantlar-300x225.jpg\" class=\"attachment-medium size-medium\" alt=\"\" srcset=\"https:\/\/cimpro.com.tr\/wp-content\/uploads\/2018\/07\/Haval\u0131-Bantlar-300x225.jpg 300w, https:\/\/cimpro.com.tr\/wp-content\/uploads\/2018\/07\/Haval\u0131-Bantlar-768x576.jpg 768w, https:\/\/cimpro.com.tr\/wp-content\/uploads\/2018\/07\/Haval\u0131-Bantlar-1024x768.jpg 1024w, https:\/\/cimpro.com.tr\/wp-content\/uploads\/2018\/07\/Haval\u0131-Bantlar.jpg 1980w\" sizes=\"(max-width: 300px) 100vw, 300px\" \/><\/a>\n\t\t\t<\/dt><\/dl><br style=\"clear: both\" \/><dl class='gallery-item'>\n\t\t\t<dt class='gallery-icon landscape'>\n\t\t\t\t<a href='https:\/\/cimpro.com.tr\/wp-content\/uploads\/2019\/11\/Haval\u0131-Bant-02.jpg'><img loading=\"lazy\" decoding=\"async\" width=\"300\" height=\"200\" src=\"https:\/\/cimpro.com.tr\/wp-content\/uploads\/2019\/11\/Haval\u0131-Bant-02-300x200.jpg\" class=\"attachment-medium size-medium\" alt=\"\" srcset=\"https:\/\/cimpro.com.tr\/wp-content\/uploads\/2019\/11\/Haval\u0131-Bant-02-300x200.jpg 300w, https:\/\/cimpro.com.tr\/wp-content\/uploads\/2019\/11\/Haval\u0131-Bant-02-768x513.jpg 768w, https:\/\/cimpro.com.tr\/wp-content\/uploads\/2019\/11\/Haval\u0131-Bant-02-1024x683.jpg 1024w\" sizes=\"(max-width: 300px) 100vw, 300px\" \/><\/a>\n\t\t\t<\/dt><\/dl><dl class='gallery-item'>\n\t\t\t<dt class='gallery-icon landscape'>\n\t\t\t\t<a href='https:\/\/cimpro.com.tr\/wp-content\/uploads\/2019\/11\/Haval\u0131-Bant-03.jpg'><img loading=\"lazy\" decoding=\"async\" width=\"300\" height=\"225\" src=\"https:\/\/cimpro.com.tr\/wp-content\/uploads\/2019\/11\/Haval\u0131-Bant-03-300x225.jpg\" class=\"attachment-medium size-medium\" alt=\"\" srcset=\"https:\/\/cimpro.com.tr\/wp-content\/uploads\/2019\/11\/Haval\u0131-Bant-03-300x225.jpg 300w, https:\/\/cimpro.com.tr\/wp-content\/uploads\/2019\/11\/Haval\u0131-Bant-03-768x576.jpg 768w, https:\/\/cimpro.com.tr\/wp-content\/uploads\/2019\/11\/Haval\u0131-Bant-03-1024x768.jpg 1024w\" sizes=\"(max-width: 300px) 100vw, 300px\" \/><\/a>\n\t\t\t<\/dt><\/dl><dl class='gallery-item'>\n\t\t\t<dt class='gallery-icon landscape'>\n\t\t\t\t<a href='https:\/\/cimpro.com.tr\/wp-content\/uploads\/2019\/11\/Haval\u0131-Bant-04.jpg'><img loading=\"lazy\" decoding=\"async\" width=\"300\" height=\"225\" src=\"https:\/\/cimpro.com.tr\/wp-content\/uploads\/2019\/11\/Haval\u0131-Bant-04-300x225.jpg\" class=\"attachment-medium size-medium\" alt=\"\" srcset=\"https:\/\/cimpro.com.tr\/wp-content\/uploads\/2019\/11\/Haval\u0131-Bant-04-300x225.jpg 300w, https:\/\/cimpro.com.tr\/wp-content\/uploads\/2019\/11\/Haval\u0131-Bant-04-768x576.jpg 768w, https:\/\/cimpro.com.tr\/wp-content\/uploads\/2019\/11\/Haval\u0131-Bant-04-1024x768.jpg 1024w\" sizes=\"(max-width: 300px) 100vw, 300px\" \/><\/a>\n\t\t\t<\/dt><\/dl><br style=\"clear: both\" \/><dl class='gallery-item'>\n\t\t\t<dt class='gallery-icon landscape'>\n\t\t\t\t<a href='https:\/\/cimpro.com.tr\/wp-content\/uploads\/2019\/11\/Haval\u0131-Bant-Da\u011f\u0131t\u0131c\u0131-01.jpg'><img loading=\"lazy\" decoding=\"async\" width=\"300\" height=\"200\" src=\"https:\/\/cimpro.com.tr\/wp-content\/uploads\/2019\/11\/Haval\u0131-Bant-Da\u011f\u0131t\u0131c\u0131-01-300x200.jpg\" class=\"attachment-medium size-medium\" alt=\"\" srcset=\"https:\/\/cimpro.com.tr\/wp-content\/uploads\/2019\/11\/Haval\u0131-Bant-Da\u011f\u0131t\u0131c\u0131-01-300x200.jpg 300w, https:\/\/cimpro.com.tr\/wp-content\/uploads\/2019\/11\/Haval\u0131-Bant-Da\u011f\u0131t\u0131c\u0131-01-768x513.jpg 768w, https:\/\/cimpro.com.tr\/wp-content\/uploads\/2019\/11\/Haval\u0131-Bant-Da\u011f\u0131t\u0131c\u0131-01-1024x684.jpg 1024w, https:\/\/cimpro.com.tr\/wp-content\/uploads\/2019\/11\/Haval\u0131-Bant-Da\u011f\u0131t\u0131c\u0131-01.jpg 1498w\" sizes=\"(max-width: 300px) 100vw, 300px\" \/><\/a>\n\t\t\t<\/dt><\/dl>\n\t\t\t<br style='clear: both' \/>\n\t\t<\/div>\n\n","protected":false},"excerpt":{"rendered":"","protected":false},"author":1,"featured_media":287,"parent":75,"menu_order":0,"comment_status":"closed","ping_status":"closed","template":"","meta":{"footnotes":""},"aioseo_notices":[],"_links":{"self":[{"href":"https:\/\/cimpro.com.tr\/index.php?rest_route=\/wp\/v2\/pages\/171"}],"collection":[{"href":"https:\/\/cimpro.com.tr\/index.php?rest_route=\/wp\/v2\/pages"}],"about":[{"href":"https:\/\/cimpro.com.tr\/index.php?rest_route=\/wp\/v2\/types\/page"}],"author":[{"embeddable":true,"href":"https:\/\/cimpro.com.tr\/index.php?rest_route=\/wp\/v2\/users\/1"}],"replies":[{"embeddable":true,"href":"https:\/\/cimpro.com.tr\/index.php?rest_route=%2Fwp%2Fv2%2Fcomments&post=171"}],"version-history":[{"count":5,"href":"https:\/\/cimpro.com.tr\/index.php?rest_route=\/wp\/v2\/pages\/171\/revisions"}],"predecessor-version":[{"id":645,"href":"https:\/\/cimpro.com.tr\/index.php?rest_route=\/wp\/v2\/pages\/171\/revisions\/645"}],"up":[{"embeddable":true,"href":"https:\/\/cimpro.com.tr\/index.php?rest_route=\/wp\/v2\/pages\/75"}],"wp:featuredmedia":[{"embeddable":true,"href":"https:\/\/cimpro.com.tr\/index.php?rest_route=\/wp\/v2\/media\/287"}],"wp:attachment":[{"href":"https:\/\/cimpro.com.tr\/index.php?rest_route=%2Fwp%2Fv2%2Fmedia&parent=171"}],"curies":[{"name":"wp","href":"https:\/\/api.w.org\/{rel}","templated":true}]}}